{"id":202,"date":"2026-01-16T15:54:29","date_gmt":"2026-01-16T14:54:29","guid":{"rendered":"https:\/\/sereinigg.com\/?page_id=202"},"modified":"2026-01-17T16:41:24","modified_gmt":"2026-01-17T15:41:24","slug":"kompetenzfelder","status":"publish","type":"page","link":"https:\/\/sereinigg.com\/index.php\/kompetenzfelder\/","title":{"rendered":"Kompetenzfelder"},"content":{"rendered":"\t\t<div data-elementor-type=\"wp-page\" data-elementor-id=\"202\" class=\"elementor elementor-202\">\n\t\t\t\t<div class=\"elementor-element elementor-element-c590ebc e-flex e-con-boxed e-con e-parent\" data-id=\"c590ebc\" data-element_type=\"container\" data-e-type=\"container\">\n\t\t\t\t\t<div class=\"e-con-inner\">\n\t\t\t\t<div class=\"elementor-element elementor-element-fbd5d01 elementor-widget elementor-widget-image\" data-id=\"fbd5d01\" data-element_type=\"widget\" data-e-type=\"widget\" data-widget_type=\"image.default\">\n\t\t\t\t\t\t\t\t\t\t\t\t\t\t\t<img fetchpriority=\"high\" decoding=\"async\" width=\"1024\" height=\"683\" src=\"https:\/\/sereinigg.com\/wp-content\/uploads\/2026\/01\/wie-alles-begann-2-1024x683.png\" class=\"attachment-large size-large wp-image-319\" alt=\"\" srcset=\"https:\/\/sereinigg.com\/wp-content\/uploads\/2026\/01\/wie-alles-begann-2-1024x683.png 1024w, https:\/\/sereinigg.com\/wp-content\/uploads\/2026\/01\/wie-alles-begann-2-300x200.png 300w, https:\/\/sereinigg.com\/wp-content\/uploads\/2026\/01\/wie-alles-begann-2-768x512.png 768w, https:\/\/sereinigg.com\/wp-content\/uploads\/2026\/01\/wie-alles-begann-2-930x620.png 930w, https:\/\/sereinigg.com\/wp-content\/uploads\/2026\/01\/wie-alles-begann-2.png 1536w\" sizes=\"(max-width: 1024px) 100vw, 1024px\" \/>\t\t\t\t\t\t\t\t\t\t\t\t\t\t\t<\/div>\n\t\t\t\t\t<\/div>\n\t\t\t\t<\/div>\n\t\t<div class=\"elementor-element elementor-element-46445ce e-flex e-con-boxed e-con e-parent\" data-id=\"46445ce\" data-element_type=\"container\" data-e-type=\"container\">\n\t\t\t\t\t<div class=\"e-con-inner\">\n\t\t\t\t<div class=\"elementor-element elementor-element-e8f4d86 elementor-widget elementor-widget-text-editor\" data-id=\"e8f4d86\" data-element_type=\"widget\" data-e-type=\"widget\" data-widget_type=\"text-editor.default\">\n\t\t\t\t\t\t\t\t\t<div style=\"background-color: black; color: white; padding: 30px;\"><h2 style=\"color: white; font-size: 18px; margin-bottom: 20px; border-bottom: 2px solid white; padding-bottom: 10px;\">Kompetenzfelder in Beratung, Lehre, Training und unternehmerischer Umsetzung sind:<\/h2><ul style=\"list-style-type: disc; margin-left: 20px; line-height: 1.8; color: white;\"><li><strong>Organisationsentwicklung f\u00fcr hochkommunikative Teams<\/strong><br \/><ul style=\"list-style-type: circle; margin-left: 20px;\"><li>Prozessverbesserung nach ISO\/IE 15504, \u201eSpice&#8220;<\/li><li>Unterst\u00fctzung von Teambuildingprozessen, insbesondere f\u00fcr komplexe und \u201evirtuelle&#8220; Teams<\/li><\/ul><\/li><li><strong>(Multi)Projekt-, Team- und Meetingmanagement<\/strong> in nationalen und internationalen Projekten, face2face und\/oder im globalen virtuellen Raum<br \/><ul style=\"list-style-type: circle; margin-left: 20px;\"><li>Entwicklung (virtueller) Kommunikationsprozesse und -szenarien<\/li><li>\u201e(Virtual) Intercultural Social Skills&#8220; in synchroner und asynchroner Kommunikation<\/li><\/ul><\/li><li><strong>Blended Learning<\/strong> mit permanenter Prozessbegleitung<br \/><ul style=\"list-style-type: circle; margin-left: 20px;\"><li>Erstellung ma\u00dfgeschneiderter Lernszenarien<\/li><li>Training und Betreuung<\/li><\/ul><\/li><li><strong>Individuelles und betriebliches Gesundheitsmanagement<\/strong> und F\u00f6rderung der Lebensqualit\u00e4t im privaten, betrieblichen und kommunalen Umfeld<br \/><ul style=\"list-style-type: circle; margin-left: 20px;\"><li>Stress- und Entspannungsmanagement incl. Visualisierung mittels Biofeedback<\/li><li>24 Stunden Work Life Balance<\/li><li>Leistungstests<\/li><\/ul><\/li><\/ul><hr \/><h3 style=\"color: white; font-size: 16px; margin-top: 30px; margin-bottom: 15px;\">Schwerpunkte der Arbeit<\/h3><p style=\"color: white; font-size: 14px; line-height: 1.6; margin-bottom: 15px;\"><strong>\u2022 Unternehmensberatung \u2022 Empowerment \u2022 eCommunication \u2022 eServices<\/strong><\/p><p style=\"color: white; line-height: 1.6; margin-bottom: 15px;\">Dieser multidisziplin\u00e4re Zugang begr\u00fcndet sich in meinen langj\u00e4hrigen unternehmerischen Erkenntnissen gest\u00fctzt durch Forschungs- und Lehrauftr\u00e4ge an \u00f6sterreichischen Hochschulen, durch enge Kooperation mit \u00f6sterreichischen und internationalen Hochschulen und anderen nationalen bzw. internationalen Forschungseinrichtungen, Organisationen und Unternehmen.<\/p><p style=\"color: white; line-height: 1.6; margin-bottom: 15px;\">Im Zuge dessen habe ich B\u00fcros in \u00d6sterreich, Pal\u00e4stina und der Ukraine betrieben. In vielen anderen L\u00e4ndern arbeite ich eng mit Kooperationspartner\/innen zusammen.<\/p><hr \/><h3 style=\"color: white; font-size: 16px; margin-top: 30px; margin-bottom: 15px;\">Mentaltrainer<\/h3><p style=\"color: white; line-height: 1.6;\">Als Mentaltrainer besch\u00e4ftige ich mich seit Jahren mit dem Thema \u201eStress&#8220;. Mein Ansatz wird Sie vielleicht \u00fcberraschen!<\/p><\/div>\t\t\t\t\t\t\t\t<\/div>\n\t\t\t\t\t<\/div>\n\t\t\t\t<\/div>\n\t\t\t\t<\/div>\n\t\t","protected":false},"excerpt":{"rendered":"<p>Kompetenzfelder in Beratung, Lehre, Training und unternehmerischer Umsetzung sind: Organisationsentwicklung f\u00fcr hochkommunikative Teams Prozessverbesserung nach ISO\/IE 15504, \u201eSpice&#8220; Unterst\u00fctzung von Teambuildingprozessen, insbesondere f\u00fcr komplexe und \u201evirtuelle&#8220; Teams (Multi)Projekt-, Team- und Meetingmanagement in nationalen und internationalen Projekten, face2face und\/oder im globalen virtuellen Raum Entwicklung (virtueller) Kommunikationsprozesse und -szenarien \u201e(Virtual) Intercultural Social Skills&#8220; in synchroner und asynchroner&hellip;&nbsp;<a href=\"https:\/\/sereinigg.com\/index.php\/kompetenzfelder\/\" rel=\"bookmark\"><span class=\"screen-reader-text\">Kompetenzfelder<\/span><\/a><\/p>\n","protected":false},"author":1,"featured_media":0,"parent":0,"menu_order":0,"comment_status":"closed","ping_status":"closed","template":"page-templates\/template-pagebuilder-full-width.php","meta":{"_monsterinsights_skip_tracking":false,"_monsterinsights_sitenote_active":false,"_monsterinsights_sitenote_note":"","_monsterinsights_sitenote_category":0,"neve_meta_sidebar":"","neve_meta_container":"","neve_meta_enable_content_width":"","neve_meta_content_width":0,"neve_meta_title_alignment":"","neve_meta_author_avatar":"","neve_post_elements_order":"","neve_meta_disable_header":"","neve_meta_disable_footer":"","neve_meta_disable_title":"","footnotes":""},"class_list":["post-202","page","type-page","status-publish","hentry"],"_links":{"self":[{"href":"https:\/\/sereinigg.com\/index.php\/wp-json\/wp\/v2\/pages\/202","targetHints":{"allow":["GET"]}}],"collection":[{"href":"https:\/\/sereinigg.com\/index.php\/wp-json\/wp\/v2\/pages"}],"about":[{"href":"https:\/\/sereinigg.com\/index.php\/wp-json\/wp\/v2\/types\/page"}],"author":[{"embeddable":true,"href":"https:\/\/sereinigg.com\/index.php\/wp-json\/wp\/v2\/users\/1"}],"replies":[{"embeddable":true,"href":"https:\/\/sereinigg.com\/index.php\/wp-json\/wp\/v2\/comments?post=202"}],"version-history":[{"count":8,"href":"https:\/\/sereinigg.com\/index.php\/wp-json\/wp\/v2\/pages\/202\/revisions"}],"predecessor-version":[{"id":361,"href":"https:\/\/sereinigg.com\/index.php\/wp-json\/wp\/v2\/pages\/202\/revisions\/361"}],"wp:attachment":[{"href":"https:\/\/sereinigg.com\/index.php\/wp-json\/wp\/v2\/media?parent=202"}],"curies":[{"name":"wp","href":"https:\/\/api.w.org\/{rel}","templated":true}]}}